{"id":24,"date":"2011-12-21T16:07:55","date_gmt":"2011-12-21T16:07:55","guid":{"rendered":"http:\/\/www.pitway.de\/?page_id=24"},"modified":"2019-08-09T14:52:57","modified_gmt":"2019-08-09T14:52:57","slug":"angebote","status":"publish","type":"page","link":"https:\/\/www.pitway.de\/?page_id=24","title":{"rendered":"Angebote"},"content":{"rendered":"<p>&nbsp;<\/p>\n<table border=\"0\" cellspacing=\"2\" cellpadding=\"2\" align=\"left\">\n<tbody>\n<tr>\n<td><strong><a href=\"http:\/\/www.pitway.de\/wp-content\/uploads\/semi-gitarre.jpg\" target=\"_blank\"><img loading=\"lazy\" decoding=\"async\" title=\"semi-gitarre\" src=\"http:\/\/www.pitway.de\/wp-content\/uploads\/semi-gitarre-199x300.jpg\" alt=\"\" width=\"199\" height=\"300\" \/><\/a><\/strong><\/td>\n<td><strong>Semi-Gitarre<\/strong><br \/>\nKorpus: 5-lagig, aus Ahorn und Nussbaum &#8211; Semiakustisch<br \/>\nHals: 5-lagig, aus Ahorn und Mahagoni<br \/>\nGriffbrett: Perlholz mit Vogelaugen-Ahorn-Binding, Messing-Dots, Gibson &#8211; Mensur, 22 Bund, ge\u00f6lt<br \/>\nKopfplatte: Ahorn-Nussbaum &#8211; Design-Furnierauflage<br \/>\nLack: 4-fach Clourethan-Mattlack, handlackiert<br \/>\nBr\u00fccke: Schaller 3 &#8211; D &#8211; Br\u00fccke, Gold<br \/>\nMechaniken: Schaller M-6 mini Gold<br \/>\nTonabnehmer:\u00a0 2 x Schaller -Golden`50 th Humbucker<br \/>\nSchaltung: 1x Ton, 1x Volume, 5-Weg-Schaltung<br \/>\nPreis: 2.460.- \u20ac (ohne Koffer)<\/td>\n<\/tr>\n<tr>\n<td><strong><a href=\"http:\/\/www.pitway.de\/wp-content\/uploads\/5-saiter-semi-bass.jpg\" target=\"_blank\"><img loading=\"lazy\" decoding=\"async\" title=\"5-saiter-semi-bass\" src=\"http:\/\/www.pitway.de\/wp-content\/uploads\/5-saiter-semi-bass-199x300.jpg\" alt=\"\" width=\"199\" height=\"300\" \/><\/a><\/strong><\/td>\n<td><strong>5-Saiter-Semi-Bass<\/strong><br \/>\nWarwick-Mensur<br \/>\nSemi-akustisch mit Zebrano Decke und Boden<br \/>\nAhorn-Bubinga-Zwischenschicht<br \/>\nDurchgehender Ahorn-Nu\u00dfbaum-Hals, 12-fach verleimt<br \/>\nPalisander-Griffbrett mit Perlholz-Binding<br \/>\nSchaller-Bass-Humbucker<br \/>\n1 mal Ton, 1 mal Volume<br \/>\nSchaller 5-Saiter-Br\u00fccke<br \/>\nKluson-Mechaniken<br \/>\nPreis: 2.720,00 Euro (ohne Koffer)<\/td>\n<\/tr>\n<tr>\n<td><strong><a href=\"http:\/\/www.pitway.de\/wp-content\/uploads\/pitway-freestyle-e-gitarre.jpg\" target=\"_blank\"><img loading=\"lazy\" decoding=\"async\" title=\"pitway-freestyle-e-gitarre\" src=\"http:\/\/www.pitway.de\/wp-content\/uploads\/pitway-freestyle-e-gitarre-199x300.jpg\" alt=\"\" width=\"199\" height=\"300\" \/><\/a><\/strong><\/td>\n<td><strong>E-Gitarre: &#8222;Pitway-Freestyle&#8220;<\/strong><br \/>\nGibson-Mensur<br \/>\nAhorn-Korpus mit Zebrano und Ahorn-Wurzelmaser-Auflage<br \/>\nDurchgehender Ahorn-Nu\u00dfbaum-Hals, 10-fach verleimt<br \/>\nPerlholz-Griffbrett mit Vogelahornaugen-Binding<br \/>\n2 mal Schaller-Humbucker Golden 50th<br \/>\n5-Weg-Schaltung<br \/>\n1 mal Ton, 1 mal Volume<br \/>\nScahller 3-D-Br\u00fccke<br \/>\nSchaller-Mechaniken<br \/>\nPreis: 2.230,00 Euro (ohne Koffer)<\/td>\n<\/tr>\n<tr>\n<td><strong><a href=\"http:\/\/www.pitway.de\/wp-content\/uploads\/flammen-e-gitarre-semiakustisch.jpg\" target=\"_blank\"><img loading=\"lazy\" decoding=\"async\" title=\"flammen-e-gitarre-semiakustisch\" src=\"http:\/\/www.pitway.de\/wp-content\/uploads\/flammen-e-gitarre-semiakustisch-199x300.jpg\" alt=\"\" width=\"199\" height=\"300\" \/><\/a><\/strong><\/td>\n<td><strong>E-Gitarre semiakustisch: &#8222;Flammen-Gitarre&#8220;<\/strong><br \/>\nGibson-Mensur<br \/>\nPerlholz-Korpus mit Nussbaum-Zwischenschicht<br \/>\nAhorn-Hals<br \/>\nPalisander-Griffbrett mit Vogelaugenahorn-Binding<br \/>\n2 mal Schaller-Humbucker Golden 50th<br \/>\n5-Weg Schaltung<br \/>\n1 mal Ton \/ 1 mal Volume<br \/>\nSchaller 3D-Br\u00fccke<br \/>\nSchaller-Mechaniken<br \/>\nPreis: 2.798,00 Euro (ohne Koffer)<\/td>\n<\/tr>\n<tr>\n<td><strong><a href=\"http:\/\/www.pitway.de\/wp-content\/uploads\/5-saiter-e-bass.jpg\" target=\"_blank\"><img loading=\"lazy\" decoding=\"async\" title=\"5-saiter-e-bass\" src=\"http:\/\/www.pitway.de\/wp-content\/uploads\/5-saiter-e-bass-199x300.jpg\" alt=\"\" width=\"199\" height=\"300\" \/><\/a><\/strong><\/td>\n<td><strong>5-Saiter E-Bass mit durchgehendem Hals<\/strong><br \/>\nWarwick-Mensur<br \/>\nNussbaum-Ahorn-Korpus und Zwischenschichten<br \/>\nNussbaum-Hals (durchgehend)<br \/>\nPalisander-Griffbrett mit Zebrano-Binding<br \/>\nSchaller Bass-Humbucker<br \/>\n1 mal Ton \/ 1 mal Volume<br \/>\nSchaller 5-Saiter-Br\u00fccke<br \/>\nKluson-Mechaniken<br \/>\nPreis: 2.598,00 Euro (ohne Koffer)<\/td>\n<\/tr>\n<tr>\n<td><strong><a href=\"http:\/\/www.pitway.de\/wp-content\/uploads\/5-saiter-e-bass2.jpg\" target=\"_blank\"><img loading=\"lazy\" decoding=\"async\" title=\"5-saiter-e-bass2\" src=\"http:\/\/www.pitway.de\/wp-content\/uploads\/5-saiter-e-bass2-199x300.jpg\" alt=\"\" width=\"199\" height=\"300\" \/><\/a><\/strong><\/td>\n<td><strong>5-Saiter E-Bass<\/strong><br \/>\nWarwick-Mensur<br \/>\nAhorn-Korpus mit Bubinga-Decke<br \/>\nNussbaum-Hals<br \/>\nPerlholz-Griffbrett mit Ahorn-Binding<br \/>\nSchaller Bass &#8211; Humbucker<br \/>\n1 mal Ton \/ 1 mal Volume<br \/>\n5-Saiter Komfort-Br\u00fccke<br \/>\nKluson-Mechaniken<br \/>\nPreis: 2.498,00 Euro (ohne Koffer)<\/td>\n<\/tr>\n<tr>\n<td><strong><a href=\"http:\/\/www.pitway.de\/wp-content\/uploads\/baumstamm-e-gitarre.jpg\" target=\"_blank\"><img loading=\"lazy\" decoding=\"async\" title=\"baumstamm-e-gitarre\" src=\"http:\/\/www.pitway.de\/wp-content\/uploads\/baumstamm-e-gitarre-199x300.jpg\" alt=\"\" width=\"199\" height=\"300\" \/><\/a><\/strong><\/td>\n<td><strong>E-Gitarre: &#8222;Baumstamm&#8220;<\/strong><br \/>\nGibson-Mensurl\u00e4nge<br \/>\nAhorn-Korpus mit Design-Furnierung<br \/>\nAhorn-Hals<br \/>\nPalisander-Griffbrett mit Nussbaum-Binding<br \/>\n2 mal D\u00fcsenberg Domino-Pickups<br \/>\n3-Weg Schaltung<br \/>\n1 mal Ton \/ 1 mal Volume<br \/>\nSchaller Komfort-Br\u00fccke mit Feinstimmern<br \/>\nKluson-Mechaniken mit Ebenholzfl\u00fcgeln<br \/>\nPreis: 2.398,00 Euro (ohne Koffer)<\/td>\n<\/tr>\n<tr>\n<td><strong><a href=\"http:\/\/www.pitway.de\/wp-content\/uploads\/haifisch-e-gitarre.jpg\" target=\"_blank\"><img loading=\"lazy\" decoding=\"async\" title=\"haifisch-e-gitarre\" src=\"http:\/\/www.pitway.de\/wp-content\/uploads\/haifisch-e-gitarre-199x300.jpg\" alt=\"\" width=\"199\" height=\"300\" \/><\/a><\/strong><\/td>\n<td><strong>E-Gitarre: &#8222;Haifisch&#8220;<\/strong><br \/>\nGibson Mensurl\u00e4nge<br \/>\nAhorn Korpus mit Mahagoni Zierstreifen<br \/>\nAhorn Griffbrett mit Mahagoni Binding<br \/>\nDurchgehender Hals!!!<br \/>\n2 mal Single Coils Duesenberg Domino P90<br \/>\nSchaller &#8222;Top Mount&#8220; Br\u00fccke<br \/>\nGotoh SGE Mechaniken<br \/>\nBR Br\u00fccke Chrom<br \/>\n3 Weg Schaltung<br \/>\nKorpus und Kopfplatte Pitway-Design<br \/>\nPreis: 2.298,00 Euro (ohne Koffer)<\/td>\n<\/tr>\n<tr>\n<td><strong><a href=\"http:\/\/www.pitway.de\/wp-content\/uploads\/e-gitarre2.jpg\" target=\"_blank\"><img loading=\"lazy\" decoding=\"async\" title=\"e-gitarre2\" src=\"http:\/\/www.pitway.de\/wp-content\/uploads\/e-gitarre2-199x300.jpg\" alt=\"\" width=\"199\" height=\"300\" \/><\/a><\/strong><\/td>\n<td><strong>E-Gitarre<\/strong><br \/>\nOriginal Fender Mensurl\u00e4nge<br \/>\nAhorn Korpus mit Mahagoni Zierstreifen<br \/>\nAhorn Griffbrett mit Mahagoni Binding<br \/>\nMahagoni Hals mit Ahorn Zierstreifen<br \/>\n2 mal Pickup Fender Strat Tex-Mex<br \/>\n1 mal Seymour Duncan Jeff Beck jr.<br \/>\nGotoh CB Mechaniken<br \/>\nBR Br\u00fccke Chrom<br \/>\n5 Weg Schaltung<br \/>\nKorpus und Kopfplatte Pitway-Design<br \/>\nPreis: 1.650,00 Euro (ohne Koffer)<\/td>\n<\/tr>\n<tr>\n<td><strong><a href=\"http:\/\/www.pitway.de\/wp-content\/uploads\/e-gitarre1.jpg\" target=\"_blank\"><img loading=\"lazy\" decoding=\"async\" title=\"e-gitarre1\" src=\"http:\/\/www.pitway.de\/wp-content\/uploads\/e-gitarre1-199x300.jpg\" alt=\"\" width=\"199\" height=\"300\" \/><\/a><\/strong><\/td>\n<td><strong>E-Gitarre<\/strong><br \/>\nGibson Mensurl\u00e4nge<br \/>\nAhorn Korpus mit Mahagoni Zierstreifen<br \/>\nAhorn Griffbrett mit Mahagoni Binding<br \/>\nMahagoni Hals mit Ahorn Zierstreifen<br \/>\n2 mal Humbucker Schaller Golden 50&#8217;th<br \/>\n1 mal Seymour Duncan Jeff Beck jr.<br \/>\nGotoh Br\u00fccke Gibson Style org.<br \/>\nSchaller M6 Gold Mechaniken<br \/>\n5 Weg Schaltung<br \/>\nKorpus und Kopfplatte Pitway-Design<br \/>\nPreis: 1.750,00 Euro (ohne Koffer)<\/td>\n<\/tr>\n<\/tbody>\n<\/table>\n<p>&nbsp;<\/p>\n","protected":false},"excerpt":{"rendered":"<p>&nbsp; Semi-Gitarre Korpus: 5-lagig, aus Ahorn und Nussbaum &#8211; Semiakustisch Hals: 5-lagig, aus Ahorn und Mahagoni Griffbrett: Perlholz mit Vogelaugen-Ahorn-Binding, Messing-Dots, Gibson &#8211; Mensur, 22 Bund, ge\u00f6lt Kopfplatte: Ahorn-Nussbaum &#8211; Design-Furnierauflage Lack: 4-fach Clourethan-Mattlack, handlackiert Br\u00fccke: Schaller 3 &#8211; D &#8211; Br\u00fccke, Gold Mechaniken: Schaller M-6 mini Gold Tonabnehmer:\u00a0 2 x Schaller -Golden`50 th Humbucker [&hellip;]<\/p>\n","protected":false},"author":1,"featured_media":0,"parent":0,"menu_order":4,"comment_status":"closed","ping_status":"closed","template":"","meta":{"footnotes":""},"class_list":["post-24","page","type-page","status-publish","hentry"],"_links":{"self":[{"href":"https:\/\/www.pitway.de\/index.php?rest_route=\/wp\/v2\/pages\/24","targetHints":{"allow":["GET"]}}],"collection":[{"href":"https:\/\/www.pitway.de\/index.php?rest_route=\/wp\/v2\/pages"}],"about":[{"href":"https:\/\/www.pitway.de\/index.php?rest_route=\/wp\/v2\/types\/page"}],"author":[{"embeddable":true,"href":"https:\/\/www.pitway.de\/index.php?rest_route=\/wp\/v2\/users\/1"}],"replies":[{"embeddable":true,"href":"https:\/\/www.pitway.de\/index.php?rest_route=%2Fwp%2Fv2%2Fcomments&post=24"}],"version-history":[{"count":45,"href":"https:\/\/www.pitway.de\/index.php?rest_route=\/wp\/v2\/pages\/24\/revisions"}],"predecessor-version":[{"id":88,"href":"https:\/\/www.pitway.de\/index.php?rest_route=\/wp\/v2\/pages\/24\/revisions\/88"}],"wp:attachment":[{"href":"https:\/\/www.pitway.de\/index.php?rest_route=%2Fwp%2Fv2%2Fmedia&parent=24"}],"curies":[{"name":"wp","href":"https:\/\/api.w.org\/{rel}","templated":true}]}}