{"id":28,"date":"2011-12-21T16:09:13","date_gmt":"2011-12-21T16:09:13","guid":{"rendered":"http:\/\/www.pitway.de\/?page_id=28"},"modified":"2012-01-31T12:57:59","modified_gmt":"2012-01-31T12:57:59","slug":"referenzen-presse","status":"publish","type":"page","link":"https:\/\/www.pitway.de\/?page_id=28","title":{"rendered":"Referenzen &#038; Presse"},"content":{"rendered":"<div id=\"attachment_86\" style=\"width: 130px\" class=\"wp-caption alignright\"><a href=\"http:\/\/www.pitway.de\/wp-content\/uploads\/willy-astor.jpg\"><img loading=\"lazy\" decoding=\"async\" aria-describedby=\"caption-attachment-86\" class=\"size-full wp-image-86\" title=\"willy-astor\" src=\"http:\/\/www.pitway.de\/wp-content\/uploads\/willy-astor.jpg\" alt=\"\" width=\"120\" height=\"195\" \/><\/a><p id=\"caption-attachment-86\" class=\"wp-caption-text\">Willy Astor<\/p><\/div>\n<p><strong>Willy Astor:<\/strong><br \/>\nMit Interesse und Begeisterung nahm Willi Astor bei einen Besuch in meinem Hause jede Gitarre in Augenschein. Der Gitarren-Profi und Sammler war begeistert von der exklusiven Verarbeitung und dem pfiffigen Design.<br \/>\nSein Kommentar: &#8222;Ich werde mir auf jeden Fall \u00fcber ein geniales Motiv Gedanken machen und dann wieder bei Dir melden!&#8220;<\/p>\n<div id=\"attachment_84\" style=\"width: 130px\" class=\"wp-caption alignright\"><img loading=\"lazy\" decoding=\"async\" aria-describedby=\"caption-attachment-84\" class=\"size-full wp-image-84\" title=\"isartaler-hexen\" src=\"http:\/\/www.pitway.de\/wp-content\/uploads\/isartaler-hexen.jpg\" alt=\"\" width=\"120\" height=\"195\" \/><p id=\"caption-attachment-84\" class=\"wp-caption-text\">Isartaler Hexen<\/p><\/div>\n<p><strong>Adelinde &amp; Sandra, &#8222;Isartaler Hexen&#8220;:<\/strong><br \/>\n&#8222;Wir, Adelinde &amp; Sandra von den &#8222;Isartaler Hexen&#8220;, spielen seit ca. einem Jahr eine original, von Hand angefertigte Pitway-Gitarre. Diese wurde speziell von Peter Butz f\u00fcr uns entworfen. Die &#8222;Hexen-Gitarre&#8220;, die auf unseren Wunsch hin, nach dem Modell einer Gibson &#8222;Les Paul&#8220; angefertigt wurde, ist klanglich und optisch ein wahrer Genu\u00df!<br \/>\nAuch die Verarbeitung ist wahrlich eine Meisterleistung &#8211; bis ins kleinste Detail! Wir werden auch in Zukunft viel Freude und Spa\u00df mit unserer &#8222;Hexen-Gitarre&#8220; auf der B\u00fchne haben, und k\u00f6nnen &#8222;Pitway&#8220; nur jedem Musiker w\u00e4rmstens weiterempfehlen!&#8220;<\/p>\n<div id=\"attachment_83\" style=\"width: 130px\" class=\"wp-caption alignright\"><img loading=\"lazy\" decoding=\"async\" aria-describedby=\"caption-attachment-83\" class=\"size-full wp-image-83\" title=\"die-bayrischen-3\" src=\"http:\/\/www.pitway.de\/wp-content\/uploads\/die-bayrischen-3.jpg\" alt=\"\" width=\"120\" height=\"195\" \/><p id=\"caption-attachment-83\" class=\"wp-caption-text\">Die Bayrischen 3<\/p><\/div>\n<p><strong>Die Bayrischen 3:<\/strong><br \/>\n&#8222;Die Idee von Peter Gitarren zu bauen finden wir super. Jede ist ein Einzelst\u00fcck und ist von der Verarbeitung und Design absolut klasse! Die Bespielbarkeit k\u00f6nnte nicht besser sein. Gute Gitarristen spielen auf Pitway-Gitarren!!!<\/p>\n<div id=\"attachment_82\" style=\"width: 130px\" class=\"wp-caption alignright\"><img loading=\"lazy\" decoding=\"async\" aria-describedby=\"caption-attachment-82\" class=\"size-full wp-image-82\" title=\"woeidarawoell\" src=\"http:\/\/www.pitway.de\/wp-content\/uploads\/woeidarawoell.jpg\" alt=\"\" width=\"120\" height=\"195\" \/><p id=\"caption-attachment-82\" class=\"wp-caption-text\">W\u00f6idaraw\u00f6ll<\/p><\/div>\n<p><strong>Walther Stephan, W\u00f6idaraw\u00f6ll:<\/strong><br \/>\n&#8222;Eine Idee in die Tat umzusetzen ist immer schwierig, aber f\u00fcr den &#8222;Pitway-Peter&#8220; war es anscheinend kein Problem zu sagen: Was, du m\u00f6chtest einen 5-Saiter-Lederhos&#8217;n-Bass? Mach ma, kein Problem! Auch eine nachtr\u00e4gliche Verj\u00fcngung des Halses nach meinem Wunsch war f\u00fcr ihn keine gro\u00dfe Sache. Der 5-Saiter-Lederhos&#8217;n-Bass ist auf der B\u00fchne ein echter Hingucker und auch das Feeling mit diesem Teil ist grandios! Meinen aller herzlichsten Dank f\u00fcr dieses Meisterwerk und den 1a-Kundenservice.&#8220;<\/p>\n<div id=\"attachment_85\" style=\"width: 130px\" class=\"wp-caption alignright\"><img loading=\"lazy\" decoding=\"async\" aria-describedby=\"caption-attachment-85\" class=\"size-full wp-image-85\" title=\"rauhbirln\" src=\"http:\/\/www.pitway.de\/wp-content\/uploads\/rauhbirln.jpg\" alt=\"\" width=\"120\" height=\"197\" \/><p id=\"caption-attachment-85\" class=\"wp-caption-text\">Rauhbirln<\/p><\/div>\n<p><strong>Piehler Uli, Rauhbirln:<\/strong><br \/>\n&#8222;Volksmusik macht noch viel mehr Spa\u00df, wenn man nicht nur mit den Liedern, die man singt, identifizieren kann, sondern auch mit den Instrumenten, die diese Lieder spielen. Bei meinem Dirndl-Bass ist das so. Er steht f\u00fcr etwas ganz Besonderes: meinen Heimatort und die Kirwa-Gaudi. So wie Freudenberg und seine Kirwa ist auch mein E-Bass etwas Einzigartiges. Es macht einfach Spa\u00df ihn zu spielen.&#8220;<\/p>\n<p>&nbsp;<\/p>\n<p>&nbsp;<\/p>\n<p>&nbsp;<\/p>\n<p>&nbsp;<\/p>\n<p><strong>OTV Beitrag<\/strong><\/p>\n<p>[media id=3 width=320 height=240]<\/p>\n<p><strong>Sat1 Beitrag<\/strong><\/p>\n<p>[media id=4 width=320 height=240]<\/p>\n","protected":false},"excerpt":{"rendered":"<p>Willy Astor: Mit Interesse und Begeisterung nahm Willi Astor bei einen Besuch in meinem Hause jede Gitarre in Augenschein. Der Gitarren-Profi und Sammler war begeistert von der exklusiven Verarbeitung und dem pfiffigen Design. Sein Kommentar: &#8222;Ich werde mir auf jeden Fall \u00fcber ein geniales Motiv Gedanken machen und dann wieder bei Dir melden!&#8220; Adelinde &amp; [&hellip;]<\/p>\n","protected":false},"author":1,"featured_media":0,"parent":0,"menu_order":6,"comment_status":"closed","ping_status":"closed","template":"","meta":{"footnotes":""},"class_list":["post-28","page","type-page","status-publish","hentry"],"_links":{"self":[{"href":"https:\/\/www.pitway.de\/index.php?rest_route=\/wp\/v2\/pages\/28","targetHints":{"allow":["GET"]}}],"collection":[{"href":"https:\/\/www.pitway.de\/index.php?rest_route=\/wp\/v2\/pages"}],"about":[{"href":"https:\/\/www.pitway.de\/index.php?rest_route=\/wp\/v2\/types\/page"}],"author":[{"embeddable":true,"href":"https:\/\/www.pitway.de\/index.php?rest_route=\/wp\/v2\/users\/1"}],"replies":[{"embeddable":true,"href":"https:\/\/www.pitway.de\/index.php?rest_route=%2Fwp%2Fv2%2Fcomments&post=28"}],"version-history":[{"count":30,"href":"https:\/\/www.pitway.de\/index.php?rest_route=\/wp\/v2\/pages\/28\/revisions"}],"predecessor-version":[{"id":52,"href":"https:\/\/www.pitway.de\/index.php?rest_route=\/wp\/v2\/pages\/28\/revisions\/52"}],"wp:attachment":[{"href":"https:\/\/www.pitway.de\/index.php?rest_route=%2Fwp%2Fv2%2Fmedia&parent=28"}],"curies":[{"name":"wp","href":"https:\/\/api.w.org\/{rel}","templated":true}]}}