{"id":30,"date":"2011-12-21T16:09:37","date_gmt":"2011-12-21T16:09:37","guid":{"rendered":"http:\/\/www.pitway.de\/?page_id=30"},"modified":"2012-01-18T16:38:09","modified_gmt":"2012-01-18T16:38:09","slug":"links","status":"publish","type":"page","link":"https:\/\/www.pitway.de\/?page_id=30","title":{"rendered":"Links"},"content":{"rendered":"<p><a href=\"http:\/\/www.mcpamberg.de\/\" target=\"_blank\">MCP &#8211; Musikinstrumente, Inh. Claus Priefer<\/a><br \/>\n<a href=\"http:\/\/www.music-raab.de\" target=\"_blank\">Musik Raab, Musikfachgesch\u00e4ft<\/a><br \/>\n<a href=\"http:\/\/www.woeidarawoell.com\/\" target=\"_blank\">W\u00f6idaraw\u00f6ll, Musikband<\/a><br \/>\n<a href=\"http:\/\/www.isartaler-hexen.de\" target=\"_blank\">Isartaler Hexen, Musikband<\/a><br \/>\n<a href=\"http:\/\/www.band-rundumadum.de\/\" target=\"_blank\">Rundumadum, Musikband<\/a><br \/>\n<a href=\"http:\/\/www.numbereleven.de\" target=\"_blank\">number eleven media, Agentur f\u00fcr Webdesign und Suchmaschinenmarketing<\/a><br \/>\n<a href=\"http:\/\/www.drucker-tankwart24.de\" target=\"_blank\">Drucker-Tankwart Amberg, Druckerpatronen, Toner, Drucker und Papier<\/a><br \/>\nSilberbach Harmonikas<br \/>\nEdler Harmonikas<br \/>\n<a href=\"http:\/\/www.landgasthof-dotzler.de\/\" target=\"_blank\">Landgasthof Dotzler, Gastst\u00e4tte<\/a><br \/>\n<a href=\"http:\/\/www.gemeinde-freudenberg.de\/\" target=\"_blank\">Gemeinde Freudenberg, Gemeindeportal<\/a><br \/>\n<a href=\"http:\/\/www.freudenberger-bauernbuehne.de\/\" target=\"_blank\">Freudenberger Bauernb\u00fchne, Theatergruppe<\/a><\/p>\n","protected":false},"excerpt":{"rendered":"<p>MCP &#8211; Musikinstrumente, Inh. Claus Priefer Musik Raab, Musikfachgesch\u00e4ft W\u00f6idaraw\u00f6ll, Musikband Isartaler Hexen, Musikband Rundumadum, Musikband number eleven media, Agentur f\u00fcr Webdesign und Suchmaschinenmarketing Drucker-Tankwart Amberg, Druckerpatronen, Toner, Drucker und Papier Silberbach Harmonikas Edler Harmonikas Landgasthof Dotzler, Gastst\u00e4tte Gemeinde Freudenberg, Gemeindeportal Freudenberger Bauernb\u00fchne, Theatergruppe<\/p>\n","protected":false},"author":1,"featured_media":0,"parent":0,"menu_order":7,"comment_status":"closed","ping_status":"closed","template":"","meta":{"footnotes":""},"class_list":["post-30","page","type-page","status-publish","hentry"],"_links":{"self":[{"href":"https:\/\/www.pitway.de\/index.php?rest_route=\/wp\/v2\/pages\/30","targetHints":{"allow":["GET"]}}],"collection":[{"href":"https:\/\/www.pitway.de\/index.php?rest_route=\/wp\/v2\/pages"}],"about":[{"href":"https:\/\/www.pitway.de\/index.php?rest_route=\/wp\/v2\/types\/page"}],"author":[{"embeddable":true,"href":"https:\/\/www.pitway.de\/index.php?rest_route=\/wp\/v2\/users\/1"}],"replies":[{"embeddable":true,"href":"https:\/\/www.pitway.de\/index.php?rest_route=%2Fwp%2Fv2%2Fcomments&post=30"}],"version-history":[{"count":8,"href":"https:\/\/www.pitway.de\/index.php?rest_route=\/wp\/v2\/pages\/30\/revisions"}],"predecessor-version":[{"id":139,"href":"https:\/\/www.pitway.de\/index.php?rest_route=\/wp\/v2\/pages\/30\/revisions\/139"}],"wp:attachment":[{"href":"https:\/\/www.pitway.de\/index.php?rest_route=%2Fwp%2Fv2%2Fmedia&parent=30"}],"curies":[{"name":"wp","href":"https:\/\/api.w.org\/{rel}","templated":true}]}}